{"id":25,"date":"2026-03-14T20:58:46","date_gmt":"2026-03-15T01:58:46","guid":{"rendered":"https:\/\/franciscoordonez.net\/?page_id=25"},"modified":"2026-03-16T09:39:59","modified_gmt":"2026-03-16T14:39:59","slug":"inicio","status":"publish","type":"page","link":"https:\/\/franciscoordonez.net\/","title":{"rendered":"Inicio"},"content":{"rendered":"\n<div class=\"wp-block-group alignfull\"><div class=\"wp-block-group__inner-container is-layout-constrained wp-block-group-is-layout-constrained\">\n<div class=\"wp-block-cover alignfull is-light\" style=\"min-height:100vh;aspect-ratio:unset;\"><video class=\"wp-block-cover__video-background intrinsic-ignore\" autoplay muted loop playsinline src=\"https:\/\/franciscoordonez.net\/wp-content\/uploads\/2026\/03\/Banner-Francisco-Ordonez-720.mp4\" data-object-fit=\"cover\"><\/video><span aria-hidden=\"true\" class=\"wp-block-cover__background has-background-dim-40 has-background-dim\" style=\"background-color:#000000\"><\/span><div class=\"wp-block-cover__inner-container is-layout-flow wp-block-cover-is-layout-flow\">\n<h2 class=\"wp-block-heading alignwide has-white-color has-text-color\" style=\"font-size:48px;line-height:1.2\">Francisco Ord\u00f3\u00f1ez <\/h2>\n\n\n\n<h2 class=\"wp-block-heading has-theme-palette-10-color has-text-color has-link-color wp-elements-7f7c1ac62ccacfa1da411d4d23b31a91\">Comunicador y dise\u00f1ador multimedia <\/h2>\n\n\n\n<div class=\"wp-block-columns alignwide is-layout-flex wp-container-core-columns-is-layout-9d6595d7 wp-block-columns-is-layout-flex\">\n<div class=\"wp-block-column is-layout-flow wp-block-column-is-layout-flow\" style=\"flex-basis:60%\">\n<p class=\"has-text-color\" style=\"color:#ffffff\">Exploro la relaci\u00f3n entre imagen, sonido y cultura a trav\u00e9s de narrativas audiovisuales, dise\u00f1o y comunicaci\u00f3n creativa orientada al impacto social<\/p>\n\n\n\n<div class=\"wp-block-buttons is-layout-flex wp-block-buttons-is-layout-flex\">\n<div class=\"wp-block-button has-custom-width wp-block-button__width-50 is-style-fill\"><a class=\"wp-block-button__link wp-element-button\" href=\"https:\/\/franciscoordonez.net\/index.php\/proyectos\/\">Ver proyectos<\/a><\/div>\n<\/div>\n\n\n\n<div class=\"wp-block-buttons is-layout-flex wp-block-buttons-is-layout-flex\">\n<div class=\"wp-block-button has-custom-width wp-block-button__width-50 is-style-outline is-style-outline--1\"><a class=\"wp-block-button__link wp-element-button\" href=\"https:\/\/franciscoordonez.net\/index.php\/contacto\/\">Contacto<\/a><\/div>\n<\/div>\n<\/div>\n\n\n\n<div class=\"wp-block-column is-layout-flow wp-block-column-is-layout-flow\"><\/div>\n<\/div>\n<\/div><\/div>\n<\/div><\/div>\n\n\n\n<div class=\"wp-block-columns is-layout-flex wp-container-core-columns-is-layout-4cf94276 wp-block-columns-is-layout-flex\" style=\"border-style:none;border-width:0px;border-top-left-radius:0px;border-top-right-radius:0px;border-bottom-left-radius:0px;border-bottom-right-radius:0px;margin-top:var(--wp--preset--spacing--30);margin-bottom:var(--wp--preset--spacing--30);padding-top:0;padding-right:0;padding-bottom:0;padding-left:0\">\n<div class=\"wp-block-column has-theme-palette-1-color has-text-color has-link-color wp-elements-3cbba4b767822298979793575a410614 is-layout-flow wp-block-column-is-layout-flow\">\n<h1 class=\"wp-block-heading has-text-align-center has-theme-palette-1-color has-text-color has-link-color has-larger-font-size wp-elements-66ce02a316ff2b1abedd81dd380a4265\">Proyectos destacados <\/h1>\n<\/div>\n<\/div>\n\n\n\n<div class=\"wp-block-columns is-layout-flex wp-container-core-columns-is-layout-604620cf wp-block-columns-is-layout-flex\" style=\"border-style:none;border-width:0px;border-top-left-radius:0px;border-top-right-radius:0px;border-bottom-left-radius:0px;border-bottom-right-radius:0px;margin-top:0;margin-bottom:0;padding-top:var(--wp--preset--spacing--30);padding-right:0;padding-bottom:var(--wp--preset--spacing--30);padding-left:0\">\n<div class=\"wp-block-column has-border-color has-theme-palette-9-background-color has-background is-layout-flow wp-block-column-is-layout-flow\" style=\"border-color:var(--global-palette9);border-width:11px;border-top-left-radius:22px;border-top-right-radius:22px;border-bottom-left-radius:22px;border-bottom-right-radius:22px;padding-top:var(--wp--preset--spacing--30);padding-right:0;padding-bottom:var(--wp--preset--spacing--30);padding-left:0\">\n<figure class=\"wp-block-image size-full has-custom-border is-style-default hover-zoom project-image\"><a href=\"https:\/\/franciscoordonez.net\/index.php\/proyectos\/humano-narrativo\/\"><img decoding=\"async\" width=\"1600\" height=\"900\" src=\"https:\/\/franciscoordonez.net\/wp-content\/uploads\/2026\/03\/hunah.jpg\" alt=\"\" class=\"has-border-color wp-image-75\" style=\"border-color:var(--global-palette9);border-top-left-radius:22px;border-top-right-radius:22px;border-bottom-left-radius:22px;border-bottom-right-radius:22px\"\/><\/a><\/figure>\n\n\n\n<h3 class=\"wp-block-heading titulo-link has-theme-palette-1-color has-text-color has-link-color wp-elements-443a13983ffc6b86b2135ca816399436\"><a href=\"https:\/\/franciscoordonez.net\/index.php\/proyectos\/humano-narrativo\/\" data-type=\"page\" data-id=\"262\">Humano Narrativo<\/a><\/h3>\n\n\n\n<p class=\"has-theme-palette-1-color has-text-color has-link-color wp-elements-df8fc6e7da3c818fceeaad83002bb3a8\">Comunicaci\u00f3n cultural y sesiones en vivo.<\/p>\n<\/div>\n\n\n\n<div class=\"wp-block-column has-border-color has-theme-palette-9-background-color has-background is-layout-flow wp-block-column-is-layout-flow\" style=\"border-color:var(--global-palette9);border-width:11px;border-top-left-radius:22px;border-top-right-radius:22px;border-bottom-left-radius:22px;border-bottom-right-radius:22px;padding-top:var(--wp--preset--spacing--30);padding-right:0;padding-bottom:var(--wp--preset--spacing--30);padding-left:0\">\n<figure class=\"wp-block-image size-full has-custom-border is-style-default hover-zoom project-image\"><a href=\"https:\/\/franciscoordonez.net\/index.php\/festival-epicentro-cultural\/\"><img decoding=\"async\" width=\"1600\" height=\"900\" src=\"https:\/\/franciscoordonez.net\/wp-content\/uploads\/2026\/03\/iifech.jpg\" alt=\"\" class=\"has-border-color wp-image-76\" style=\"border-color:var(--global-palette9);border-top-left-radius:22px;border-top-right-radius:22px;border-bottom-left-radius:22px;border-bottom-right-radius:22px\"\/><\/a><\/figure>\n\n\n\n<h3 class=\"wp-block-heading titulo-link has-theme-palette-1-color has-text-color has-link-color wp-elements-90572f467bad43eaadbde56ac4e773ff\"><a href=\"https:\/\/franciscoordonez.net\/index.php\/festival-epicentro-cultural\/\" data-type=\"page\" data-id=\"296\">Festival Epicentro Cultural<\/a><\/h3>\n\n\n\n<p class=\"has-theme-palette-1-color has-text-color has-link-color wp-elements-b861e0b90ff65f4c0eadffe8f351e951\">Comunicaci\u00f3n y audiovisual para festival cultural.<\/p>\n<\/div>\n<\/div>\n\n\n\n<div class=\"wp-block-columns is-layout-flex wp-container-core-columns-is-layout-481dce7e wp-block-columns-is-layout-flex\" style=\"border-style:none;border-width:0px;border-top-left-radius:0px;border-top-right-radius:0px;border-bottom-left-radius:0px;border-bottom-right-radius:0px;margin-top:0;margin-bottom:0;padding-top:var(--wp--preset--spacing--60);padding-right:0;padding-bottom:var(--wp--preset--spacing--60);padding-left:0\">\n<div class=\"wp-block-column has-border-color has-theme-palette-9-background-color has-background is-layout-flow wp-block-column-is-layout-flow\" style=\"border-color:var(--global-palette9);border-width:11px;border-top-left-radius:22px;border-top-right-radius:22px;border-bottom-left-radius:22px;border-bottom-right-radius:22px;padding-top:var(--wp--preset--spacing--30);padding-right:0;padding-bottom:var(--wp--preset--spacing--30);padding-left:0\">\n<figure class=\"wp-block-image size-full has-custom-border is-style-default hover-zoom project-image\"><a href=\"https:\/\/franciscoordonez.net\/index.php\/proyectos\/mover-u\/\"><img decoding=\"async\" width=\"1600\" height=\"900\" src=\"https:\/\/franciscoordonez.net\/wp-content\/uploads\/2026\/03\/moveruh.jpg\" alt=\"\" class=\"has-border-color wp-image-77\" style=\"border-color:var(--global-palette9);border-top-left-radius:22px;border-top-right-radius:22px;border-bottom-left-radius:22px;border-bottom-right-radius:22px\"\/><\/a><\/figure>\n\n\n\n<h3 class=\"wp-block-heading titulo-link has-theme-palette-1-color has-text-color has-link-color wp-elements-0786a932edd3c3d4f6a8161d28eb5863\"><a href=\"https:\/\/franciscoordonez.net\/index.php\/proyectos\/mover-u\/\" data-type=\"page\" data-id=\"370\">MOVER-U<\/a><\/h3>\n\n\n\n<p class=\"has-theme-palette-1-color has-text-color has-link-color wp-elements-60162cab05c24451be62be5f2daf1b08\">Comunicaci\u00f3n y dise\u00f1o para movilidad sostenible.<\/p>\n<\/div>\n\n\n\n<div class=\"wp-block-column has-border-color has-theme-palette-9-background-color has-background is-layout-flow wp-block-column-is-layout-flow\" style=\"border-color:var(--global-palette9);border-width:11px;border-top-left-radius:22px;border-top-right-radius:22px;border-bottom-left-radius:22px;border-bottom-right-radius:22px;padding-top:var(--wp--preset--spacing--30);padding-right:0;padding-bottom:var(--wp--preset--spacing--30);padding-left:0\">\n<figure class=\"wp-block-image size-full has-custom-border is-style-default hover-zoom project-image\"><a href=\"https:\/\/franciscoordonez.net\/index.php\/proyectos\/documental-vida\/\"><img decoding=\"async\" width=\"1600\" height=\"900\" src=\"https:\/\/franciscoordonez.net\/wp-content\/uploads\/2026\/03\/vidah.jpg\" alt=\"\" class=\"has-border-color wp-image-78\" style=\"border-color:var(--global-palette9);border-top-left-radius:22px;border-top-right-radius:22px;border-bottom-left-radius:22px;border-bottom-right-radius:22px\"\/><\/a><\/figure>\n\n\n\n<h3 class=\"wp-block-heading titulo-link has-theme-palette-1-color has-text-color has-link-color wp-elements-c2415ce3fd84b677430f64d66ffdf34b\"><a href=\"https:\/\/franciscoordonez.net\/index.php\/proyectos\/documental-vida\/\" data-type=\"page\" data-id=\"406\">Documental \u00abVIDA\u00bb<\/a><\/h3>\n\n\n\n<p class=\"has-theme-palette-1-color has-text-color has-link-color wp-elements-9a05d09f9f12761933e5ab49ac0f07d3\">Documental sobre resiliencia humana en Gal\u00e1pagos.<\/p>\n<\/div>\n<\/div>\n\n\n\n<div class=\"wp-block-columns is-layout-flex wp-container-core-columns-is-layout-604620cf wp-block-columns-is-layout-flex\" style=\"border-style:none;border-width:0px;border-top-left-radius:0px;border-top-right-radius:0px;border-bottom-left-radius:0px;border-bottom-right-radius:0px;margin-top:0;margin-bottom:0;padding-top:var(--wp--preset--spacing--30);padding-right:0;padding-bottom:var(--wp--preset--spacing--30);padding-left:0\">\n<div class=\"wp-block-column is-layout-flow wp-block-column-is-layout-flow\"><\/div>\n\n\n\n<div class=\"wp-block-column is-layout-flow wp-block-column-is-layout-flow\"><\/div>\n\n\n\n<div class=\"wp-block-column is-layout-flow wp-block-column-is-layout-flow\">\n<div class=\"wp-block-buttons is-content-justification-right is-layout-flex wp-container-core-buttons-is-layout-765c4724 wp-block-buttons-is-layout-flex\">\n<div class=\"wp-block-button has-custom-width wp-block-button__width-50 is-style-fill\"><a class=\"wp-block-button__link wp-element-button\" href=\"https:\/\/franciscoordonez.net\/index.php\/proyectos\/\">Ver m\u00e1s<\/a><\/div>\n<\/div>\n<\/div>\n<\/div>\n\n\n\n<hr class=\"wp-block-separator has-css-opacity is-style-wide\" style=\"margin-top:var(--wp--preset--spacing--40);margin-bottom:var(--wp--preset--spacing--40)\"\/>\n\n\n\n<div class=\"wp-block-columns is-layout-flex wp-container-core-columns-is-layout-481dce7e wp-block-columns-is-layout-flex\" style=\"border-style:none;border-width:0px;border-top-left-radius:0px;border-top-right-radius:0px;border-bottom-left-radius:0px;border-bottom-right-radius:0px;margin-top:0;margin-bottom:0;padding-top:var(--wp--preset--spacing--60);padding-right:0;padding-bottom:var(--wp--preset--spacing--60);padding-left:0\">\n<div class=\"wp-block-column has-theme-palette-2-color has-text-color has-link-color wp-elements-aa3aa9739c0101d830198ce641320071 is-layout-flow wp-block-column-is-layout-flow\">\n<h1 class=\"wp-block-heading has-text-align-center has-theme-palette-1-color has-text-color has-link-color has-larger-font-size wp-elements-aa518f2ff848eb89c8a4d89a3f9f387e\">\u00bfQu\u00e9 hago?<\/h1>\n\n\n\n<p class=\"has-text-align-left\">Trabajo con proyectos culturales, instituciones y comunidades para transformar historias locales en narrativas audiovisuales que generen memoria, di\u00e1logo y participaci\u00f3n.<\/p>\n<\/div>\n<\/div>\n\n\n\n<div class=\"wp-block-columns has-theme-palette-1-color has-text-color has-link-color wp-elements-00532362a64f9304eaedd9f80be51a35 is-layout-flex wp-container-core-columns-is-layout-481dce7e wp-block-columns-is-layout-flex\" style=\"border-style:none;border-width:0px;border-top-left-radius:0px;border-top-right-radius:0px;border-bottom-left-radius:0px;border-bottom-right-radius:0px;margin-top:0;margin-bottom:0;padding-top:var(--wp--preset--spacing--60);padding-right:0;padding-bottom:var(--wp--preset--spacing--60);padding-left:0\">\n<div class=\"wp-block-column has-theme-palette-1-color has-text-color has-link-color wp-elements-9f7fda8dd772a47fd0f264c7bccfd7c2 is-layout-flow wp-block-column-is-layout-flow\">\n<span class=\"material-symbols-outlined\">videocam<\/span>\n\n\n\n<h3 class=\"wp-block-heading has-text-align-center\">Narrativa audiovisual<\/h3>\n\n\n\n<p class=\"has-text-align-center\">Producci\u00f3n de video, documental y contenido visual para proyectos culturales, sociales y educativos.<\/p>\n<\/div>\n\n\n\n<div class=\"wp-block-column has-theme-palette-1-color has-text-color has-link-color wp-elements-bc471a6e37776f398cc6dc105764f250 is-layout-flow wp-block-column-is-layout-flow\">\n<span class=\"material-symbols-outlined\">campaign<\/span>\n\n\n\n<h3 class=\"wp-block-heading has-text-align-center\">Comunicaci\u00f3n cultural<\/h3>\n\n\n\n<p class=\"has-text-align-center\">Estrategias, storytelling y contenidos para museos, festivales e instituciones sociales y\/o culturales.<\/p>\n<\/div>\n\n\n\n<div class=\"wp-block-column has-theme-palette-1-color has-text-color has-link-color wp-elements-63c0f50225a2004f83bca76db12308ae is-layout-flow wp-block-column-is-layout-flow\">\n<span class=\"material-symbols-outlined\">design_services<\/span>\n\n\n\n<h3 class=\"wp-block-heading has-text-align-center\">Dise\u00f1o digital<\/h3>\n\n\n\n<p class=\"has-text-align-center\">Dise\u00f1o visual, piezas gr\u00e1ficas y producci\u00f3n multimedia para proyectos culturales y comunitarios.<\/p>\n<\/div>\n<\/div>\n\n\n\n<hr class=\"wp-block-separator has-css-opacity is-style-wide\" style=\"margin-top:var(--wp--preset--spacing--70);margin-bottom:var(--wp--preset--spacing--70)\"\/>\n\n\n\n<div class=\"wp-block-columns are-vertically-aligned-center is-layout-flex wp-container-core-columns-is-layout-ed5226f6 wp-block-columns-is-layout-flex\" style=\"padding-right:0;padding-left:0\">\n<div class=\"wp-block-column is-vertically-aligned-center is-layout-flow wp-block-column-is-layout-flow\">\n<h2 class=\"wp-block-heading\">Sobre m\u00ed<\/h2>\n\n\n\n<p>Soy comunicador y dise\u00f1ador multimedia enfocado en narrativa audiovisual para proyectos culturales y sociales.<br><br>Trabajo entre cine, dise\u00f1o y comunicaci\u00f3n para construir historias que conecten cultura, territorio y comunidad.<\/p>\n<\/div>\n\n\n\n<div class=\"wp-block-column is-vertically-aligned-center is-layout-flow wp-block-column-is-layout-flow\">\n<figure class=\"wp-block-image size-full\"><img decoding=\"async\" width=\"1448\" height=\"900\" src=\"https:\/\/franciscoordonez.net\/wp-content\/uploads\/2026\/03\/jfou-Web-portafolio.jpg\" alt=\"\" class=\"wp-image-168\"\/><\/figure>\n<\/div>\n<\/div>\n\n\n\n<div class=\"wp-block-columns is-layout-flex wp-container-core-columns-is-layout-604620cf wp-block-columns-is-layout-flex\" style=\"border-style:none;border-width:0px;border-top-left-radius:0px;border-top-right-radius:0px;border-bottom-left-radius:0px;border-bottom-right-radius:0px;margin-top:0;margin-bottom:0;padding-top:var(--wp--preset--spacing--30);padding-right:0;padding-bottom:var(--wp--preset--spacing--30);padding-left:0\">\n<div class=\"wp-block-column is-layout-flow wp-block-column-is-layout-flow\"><\/div>\n\n\n\n<div class=\"wp-block-column is-layout-flow wp-block-column-is-layout-flow\"><\/div>\n\n\n\n<div class=\"wp-block-column is-layout-flow wp-block-column-is-layout-flow\">\n<div class=\"wp-block-buttons is-content-justification-right is-layout-flex wp-container-core-buttons-is-layout-765c4724 wp-block-buttons-is-layout-flex\">\n<div class=\"wp-block-button has-custom-width wp-block-button__width-50 is-style-fill\"><a class=\"wp-block-button__link wp-element-button\" href=\"https:\/\/franciscoordonez.net\/index.php\/sobre-mi\/\">Conoce m\u00e1s<\/a><\/div>\n<\/div>\n<\/div>\n<\/div>\n\n\n\n<hr class=\"wp-block-separator has-css-opacity is-style-wide\" style=\"margin-top:var(--wp--preset--spacing--70);margin-bottom:var(--wp--preset--spacing--70)\"\/>\n\n\n\n<div class=\"wp-block-columns has-theme-palette-1-color has-text-color has-link-color wp-elements-300e1768a8e946f1faa16178563ca8fb is-layout-flex wp-container-core-columns-is-layout-481dce7e wp-block-columns-is-layout-flex\" style=\"border-style:none;border-width:0px;border-top-left-radius:0px;border-top-right-radius:0px;border-bottom-left-radius:0px;border-bottom-right-radius:0px;margin-top:0;margin-bottom:0;padding-top:var(--wp--preset--spacing--60);padding-right:0;padding-bottom:var(--wp--preset--spacing--60);padding-left:0\">\n<div class=\"wp-block-column has-theme-palette-1-color has-text-color has-link-color wp-elements-f393bfb109046740c6e4b02822df3f07 is-layout-flow wp-block-column-is-layout-flow\">\n<span class=\"material-symbols-outlined\" style=\"font-size:150px;\">perm_phone_msg<\/span>\n<\/div>\n\n\n\n<div class=\"wp-block-column has-theme-palette-1-color has-text-color has-link-color wp-elements-5bbcb66a59951752fe104a06a1fae1c8 is-layout-flow wp-block-column-is-layout-flow\">\n<h3 class=\"wp-block-heading has-text-align-left has-theme-palette-1-color has-text-color has-link-color has-larger-font-size wp-elements-6bde6e26af8c5910fa22d0e7d522ca01\">Trabajemos juntos<\/h3>\n\n\n\n<p class=\"has-text-align-left\">Si tienes un <strong>proyecto cultural, audiovisual o creativo<\/strong>, podemos construir una narrativa visual que conecte con tu comunidad.<\/p>\n<\/div>\n<\/div>\n\n\n\n<div class=\"wp-block-columns is-layout-flex wp-container-core-columns-is-layout-604620cf wp-block-columns-is-layout-flex\" style=\"border-style:none;border-width:0px;border-top-left-radius:0px;border-top-right-radius:0px;border-bottom-left-radius:0px;border-bottom-right-radius:0px;margin-top:0;margin-bottom:0;padding-top:var(--wp--preset--spacing--30);padding-right:0;padding-bottom:var(--wp--preset--spacing--30);padding-left:0\">\n<div class=\"wp-block-column is-layout-flow wp-block-column-is-layout-flow\"><\/div>\n\n\n\n<div class=\"wp-block-column is-layout-flow wp-block-column-is-layout-flow\"><\/div>\n\n\n\n<div class=\"wp-block-column is-layout-flow wp-block-column-is-layout-flow\">\n<div class=\"wp-block-buttons is-content-justification-right is-layout-flex wp-container-core-buttons-is-layout-765c4724 wp-block-buttons-is-layout-flex\">\n<div class=\"wp-block-button has-custom-width wp-block-button__width-50 is-style-fill\"><a class=\"wp-block-button__link wp-element-button\" href=\"https:\/\/franciscoordonez.net\/index.php\/contacto\/\">Contactar<\/a><\/div>\n<\/div>\n<\/div>\n<\/div>\n\n\n\n<hr class=\"wp-block-separator has-text-color has-theme-palette-10-color has-alpha-channel-opacity has-theme-palette-10-background-color has-background\" style=\"margin-top:var(--wp--preset--spacing--60);margin-bottom:var(--wp--preset--spacing--60)\"\/>\n","protected":false},"excerpt":{"rendered":"<p>Proyectos destacados Humano Narrativo Comunicaci\u00f3n cultural y sesiones en vivo. Festival Epicentro Cultural Comunicaci\u00f3n y audiovisual para festival cultural. MOVER-U Comunicaci\u00f3n y dise\u00f1o para movilidad sostenible. Documental \u00abVIDA\u00bb Documental sobre resiliencia humana en Gal\u00e1pagos. \u00bfQu\u00e9 hago? Trabajo con proyectos culturales, instituciones y comunidades para transformar historias locales en narrativas audiovisuales que generen memoria, di\u00e1logo y&#8230;<\/p>\n","protected":false},"author":1,"featured_media":0,"parent":0,"menu_order":0,"comment_status":"closed","ping_status":"closed","template":"","meta":{"_kadence_starter_templates_imported_post":false,"_kad_post_transparent":"","_kad_post_title":"","_kad_post_layout":"","_kad_post_sidebar_id":"","_kad_post_content_style":"","_kad_post_vertical_padding":"","_kad_post_feature":"","_kad_post_feature_position":"","_kad_post_header":false,"_kad_post_footer":false,"_kad_post_classname":"","footnotes":""},"class_list":["post-25","page","type-page","status-publish","hentry"],"_links":{"self":[{"href":"https:\/\/franciscoordonez.net\/index.php\/wp-json\/wp\/v2\/pages\/25","targetHints":{"allow":["GET"]}}],"collection":[{"href":"https:\/\/franciscoordonez.net\/index.php\/wp-json\/wp\/v2\/pages"}],"about":[{"href":"https:\/\/franciscoordonez.net\/index.php\/wp-json\/wp\/v2\/types\/page"}],"author":[{"embeddable":true,"href":"https:\/\/franciscoordonez.net\/index.php\/wp-json\/wp\/v2\/users\/1"}],"replies":[{"embeddable":true,"href":"https:\/\/franciscoordonez.net\/index.php\/wp-json\/wp\/v2\/comments?post=25"}],"version-history":[{"count":116,"href":"https:\/\/franciscoordonez.net\/index.php\/wp-json\/wp\/v2\/pages\/25\/revisions"}],"predecessor-version":[{"id":426,"href":"https:\/\/franciscoordonez.net\/index.php\/wp-json\/wp\/v2\/pages\/25\/revisions\/426"}],"wp:attachment":[{"href":"https:\/\/franciscoordonez.net\/index.php\/wp-json\/wp\/v2\/media?parent=25"}],"curies":[{"name":"wp","href":"https:\/\/api.w.org\/{rel}","templated":true}]}}